et h(z) = z**3 + 25*z**2 + 47*z + 25. Let c be h(-23). Let m(q) = 7*q**2 - q - 2. What is m(c)?
24
Suppose 5*m = f - 5*f + 21, -2*f + 12 = 4*m. Let d(l) = -12*l**2 - 5. Let y(g) = -11*g**2 - 4. Let b(c) = -5*d(c) + 6*y(c). Calculate b(m).
-5
Let x(g) = -4*g - 4. Let n(y) = y - 1. Let a(s) = 3*n(s) + x(s). Calculate a(0).
-7
Let d(j) = -j - 1. Let x(a) = 2*a**2 + 5*a + 4. Let f(l) = -4*d(l) - x(l). What is f(1)?
-3
Let l(f) = -f - 11. Suppose 3*y + 2*y = 0. Suppose y = -2*o + 5*n - 4, -2*o - 5*n - 22 = -n. Let v(p) = p + 12. Let z(x) = o*l(x) - 6*v(x). Calculate z(0).
5
Suppose 0 = -2*y + 4 - 6. Let t = 1 + y. Let b(z) = -z**3 + z - 8. Calculate b(t).
-8
Let y(x) be the first derivative of -x**2/2 + 6*x - 1. Suppose -92 = -28*f - 8. What is y(f)?
3
Let v(d) = d**3 - 5*d**2 + 3*d - 2. Let c(r) = r**2 - r + 1. Let b(k) = -3*c(k) - v(k). Let j be (-1)/(-4) - (-7)/4. What is b(j)?
-1
Let h(d) = -5*d**3 + d**2 - d - 1. Suppose 0 = -3*p + 17 - 14. Let x(a) = -1 - 5*a**2 + a + 0*a**3 - 2*a**3 + 6*a**2. Let s be x(p). Give h(s).
6
Let u(a) be the third derivative of 0*a - 12*a**2 + 0 - 2/3*a**3 - 1/12*a**4 - 1/120*a**6 - 1/12*a**5. Let b = -5 + 0. What is u(b)?
6
Let m(j) = -7*j**3 + 13*j**2 + 11*j. Let h(v) = 4*v**3 - 6*v**2 - 5*v. Let p(y) = 13*h(y) + 6*m(y). Let s = -4 + 6. Let x be 2*(1 - 0)/s. What is p(x)?
11
Let a(b) = -b**3 + 2*b**2 - 3*b + 7. Let t(s) = -2*s**3 + 3*s**2 - 5*s + 13. Let y(q) = -5*a(q) + 3*t(q). Determine y(0).
4
Let v(k) = 34*k - 13*k - 20*k + 2. Determine v(-6).
-4
Let y(i) = -13*i + 16. Let v(m) = -4*m + 5. Let k(x) = 7*v(x) - 2*y(x). Let s(p) = 4*p - 7. Let j(h) = 5*k(h) + 2*s(h). What is j(-5)?
11
Let q be (-2)/8 + (-26)/(-8). Let g(k) = -2*k + 1. Let w be g(-2). Let b(o) = -5*o**3 - 2*o**2 - 3 - 3*o**2 - 4*o + w*o**3 - o**q. Give b(-4).
-3
Let z(i) = -14*i**2 + 7*i**2 + 6*i**2 - 1 + 0. Let d = -1 + 4. What is z(d)?
-10
Let k be (0 + -1)/((-1)/3). Let v(h) = -4*h**3 + 2*h**k + h**3 + h. Suppose -3*c + 2*o = -6, 0 = 2*c - 3*o - 1 - 3. Give v(c).
-6
Let g(t) = -t**3 - 4*t**2 - 2*t - 1. Suppose -4*z = u - 6, 0 = u + 8*z - 3*z - 7. Suppose f = 4*q - u*q + 3, -2*f - 9 = q. Calculate g(q).
-4
Let y = -2 - -2. Suppose -5*q - 5*a - 15 = 0, q - 6*q - 2*a - 15 = y. Let u(v) = 3 - v**2 - 4 - 10 + 9 - 3*v. What is u(q)?
-2
Let o(h) = -h. Suppose -2*a + z = -3*z + 10, -a + 4*z - 13 = 0. Suppose -2*q - 5 = a*q. Let t(j) = -3*j - 6. Let w(g) = q*t(g) + 2*o(g). What is w(-4)?
2
Let h(x) be the second derivative of x**5/20 - x**4/12 - 11*x**2 + 34*x. Determine h(0).
-22
Let x(f) = -f**3 - 9*f**2 + f + 4. Let a be x(-9). Let b(o) = -o**2 - 3*o + 3. Calculate b(a).
-7
Suppose 0 = -7*i + 5*i - 4. Let w(v) = -3*v**2 - v - 1. Calculate w(i).
-11
Let q(m) = -m**2 + 3*m + 3. Suppose 3*a - 12 = 0, -2*a + 4 + 6 = -j. What is q(j)?
-7
Let q(v) = -3 - 7*v**3 - 4*v**2 + 7*v**2 + 5*v**3. Let i(o) = 3*o**3 - 3*o**2 + 3. Let y(w) = 3*i(w) + 4*q(w). What is y(-3)?
-3
Let m(p) = p**3 - 10*p**2 + 9*p - 9. Let v be m(9). Let j be (-2)/(-3) + 42/v. Let g(i) be the first derivative of -i**3/3 - 2*i**2 + 2*i - 1. Determine g(j).
2
Let h(i) = -2*i - 5. Let g(o) = -2*o - 6. Let r(p) = -3*g(p) + 2*h(p). Calculate r(-6).
-4
Let y(a) = -2*a + 2*a + 2*a + 1. Let h = 10 + -12. Calculate y(h).
-3
Let h(f) = f**2 - 7*f + 5. Suppose 5*w - 49 = 2*r, 4*r + 128 - 25 = 5*w. Let d be (-2)/(3/(r/6)). Let v be (-19)/(-4) - d/(-12). Give h(v).
-5
Let l(g) = g - 1. Let s(j) = 4*j + 5. Let a(u) = 6*l(u) - s(u). Let r be a(8). Suppose -r = -5*m + 25. Let i(t) = t**3 - 7*t**2 + 6*t + 5. Calculate i(m).
5
Let y(q) = -2*q + 1. Suppose 2*n = -3*r + 11, -26 + 4 = -n + 4*r. Calculate y(n).
-19
Let h(y) be the second derivative of -y**4/12 - y**3/6 + y**2/2 + 2*y. Let d be 0/1 + 2*-1. What is h(d)?
-1
Let g(y) = -y**3 + 4*y**2 + 4*y + 5. Let b(l) = 2*l**2 - 2*l - 2. Let j be b(3). Suppose j = 4*h - 2*h. What is g(h)?
0
Let j be ((-10)/8)/(3/12). Let f(t) = t + 4. Let a(y) = 2*y + 17 + 3*y - y + 0*y. Let g(k) = 2*a(k) - 9*f(k). Give g(j).
3
Let b(r) = -r + 2. Let n = 7 + -6. Suppose 4*w - 2 + 6 = 0. Let k = w - n. Calculate b(k).
4
Let l(r) be the first derivative of r**4/4 - 8*r**3/3 + 5*r**2/2 + 9*r + 12. Give l(7).
-5
Let l(z) = 2*z - 4. Let n(i) = 2*i - 5. Let c(k) = 3*l(k) - 2*n(k). Determine c(2).
2
Let i(f) = -f**2 + 6*f - 2. Let p = -92 + 95. Determine i(p).
7
Let d = 2 + -1. Let l = 12 + -17. Let a = l + d. Let m(n) = -2*n - 3. What is m(a)?
5
Suppose -2*j = -0*j + 14. Let i = j + 10. Suppose 0 + i = d. Let p(s) = s**3 - 3*s**2 + 2. What is p(d)?
2
Suppose 0 = 5*l + m - 68, -3*m = m + 8. Suppose -2*f - l = -0*f. Let x = f - -8. Let v(d) = -3*d - 1. Give v(x).
-4
Let p = -1 + -3. Let k(f) = -4*f**3 - 1. Let n be k(-1). Let o(v) = 2*v + 3*v - 3*v + n - v. Determine o(p).
-1
Let m = -8 + 5. Let l(z) = z**3 + z**2 - 4*z - 2. Give l(m).
-8
Let f(b) be the first derivative of -5/3*b**3 - 1/4*b**4 + 8*b + 1 + 4*b**2. Give f(-6).
-4
Let a be ((-6)/8)/(3/(-12)). Suppose -5*r + 0*i - i - 6 = 0, -3*i + 6 = 3*r. Let k be (-1)/a + r/3. Let j(u) = -3*u**3 - u**2 - u - 1. Calculate j(k).
2
Let g(c) = 7*c - 8. Let t(i) = 20*i - 23. Let j(v) = 17*g(v) - 6*t(v). Let w be 2/5 - (-2)/(-5). Give j(w).
2
Suppose 5*o - 4*r + 6 = 0, -4*r - r = -20. Let p(h) = -h**2 - 3*h + 2*h**o + 7*h - 3 + 0*h**2. Calculate p(-3).
-6
Suppose a = 6*a - 10. Let x(k) = -k**2 - a*k + 0*k - 2*k - 1. What is x(-5)?
-6
Let l(b) = -3*b**3 - 25*b**2 + 14*b - 34. Let g(w) = 2*w**3 + 17*w**2 - 9*w + 23. Let o(y) = 7*g(y) + 5*l(y). Calculate o(-7).
-9
Let k = -3 + 3. Let g(t) = -5*t**3 - 4*t**2 + 3. Let v(f) = -11*f**3 - 9*f**2 + 7. Let j(y) = 9*g(y) - 4*v(y). Determine j(k).
-1
Let w be 1*5 - (0 + 1). Let h = w - 2. Let c(p) = -h + 4 - p + 1. Give c(3).
0
Let a = 1 - 2. Let c = a + -4. Let y(q) = -q - 4. Give y(c).
1
Let q be -5*-2*7/10. Let i(b) = b**2 - 6*b + 6. Determine i(q).
13
Let r(t) be the first derivative of 8*t**3/3 + 3*t**2/2 + t - 2. Let p(y) = -17*y**2 - 7*y - 2. Let f(j) = 2*p(j) + 5*r(j). What is f(-1)?
6
Suppose 3 = -3*p, 5*b - 2*p - p + 117 = 0. Let o be ((-2)/(-4))/((-3)/b). Let q(t) = 3*t - 1. What is q(o)?
11
Let f = 4 - 3. Let d(v) = -v + 1. Let h(z) = z**2 + 3*z - 3. Let l(q) = -4*d(q) - h(q). Calculate l(f).
-1
Let t(h) be the second derivative of h**4/12 + 2*h**3/3 + h**2 + 2*h. Give t(-3).
-1
Let x(h) = -16*h**2 + 11*h + 11. Let n(q) = 3*q**2 - 2*q - 2. Let i(w) = 11*n(w) + 2*x(w). Calculate i(0).
0
Let g = -15 + 8. Let m(z) = z**2 + 7*z - 4. Calculate m(g).
-4
Let p(m) = 3 + m**2 - 5 + 3*m**2 + 2*m + m**3 + 0*m**3. What is p(-4)?
-10
Let s(g) = -5 + 6*g - 4*g + 2 - 5*g. Let n = -10 - -8. Give s(n).
3
Let k(w) = -w**3 - 3*w**2 - 3. Let n be k(-3). Suppose 8 = -5*s + 23. Let h(z) = -z + 3 - z**2 - s*z + 3*z. Give h(n).
-3
Let r(l) = l**2 - 6*l - 5. Let j = -14 - -10. Let g = j - -9. Calculate r(g).
-10
Let x(y) = y**2 - 9*y + 10. Suppose 3*m - 4 = 17. Give x(m).
-4
Let s(n) be the first derivative of 1/2*n**2 - 4 - n. What is s(3)?
2
Let y(x) = x**2 - 5*x + 6. Let c(a) = 2*a**3 - 4*a**2 + 3*a - 2. Suppose 2*o + 8 = 6*o. Let j be c(o). Let h be y(j). Let l(z) = 4*z - 2. Calculate l(h).
6
Suppose 9 = 4*c - 3. Suppose -f - 17 = -5*q, 0 = -c*q + 4*q - 3*f + 5. Let l(h) = 7*h**2 + 4*h - 2*h**2 + 2 - 2*h**2 - h**3. Calculate l(q).
2
Suppose 24 = -8*k + 4*k. Let r(a) = -4*a**2 + 5*a + 7. Let n(c) = c**2 - 1. Let l(h) = -5*n(h) - r(h). Give l(k).
-8
Let x(g) = 3*g - 4. Let t(n) = -2*n + 5. Let r(f) = 4*t(f) + 3*x(f). What is r(-9)?
-1
Let h = 10 + -10. Suppose 2*k + 3*n - 1 = h, 0*n + 4 = 2*k + 2*n. Let j(z) = -z - 1. Calculate j(k).
-6
Let x(s) = s - 2. Suppose 0*f - 4 = 2*u + f, -3*u - 2*f = 4. Determine x(u).
-6
Let v be 1/(3 + (-28)/8). Let z(m) = 25*m + 26. Let d(r) = 5*r + 5. Let n(q) = -11*d(q) + 2*z(q). Calculate n(v).
7
Let b(l) = 3*l + 3. Let c(h) = 7*h + 7. Let y(a) = 5*b(a) - 2*c(a). Determine y(4).
5
Let a(m) = -m - 3*m + 18*m + 1. Give a(2).
29
Let y be (-30)/8 - 12/(-16). Let x(z) = z**2 + 5*z. Let v be x(y). Let t(k) = k**2 + 6*k - 1. What is t(v)?
-1
Let d(h) = -h**3 + h**2 - h - 5. Let t = 4 + -4. Suppose t = -10*b + 12*b. Give d(b).
-5
Let x(s) be the first derivative of 3*s**2 - 3*s - 1. Determine x(2).
9
Suppose 5*j - 3*l + 0*l + 2 = 0, -3*j - 8 = 5*l. Let z(n) = 10*n - 1. Determine z(j).